7?
True
Is 403215 a multiple of 72?
False
Does 3 divide 390045?
True
Does 56 divide 4180176?
True
Does 1496 divide 517616?
True
Does 58 divide 864664?
True
Does 2 divide 203269?
False
Does 196 divide 353584?
True
Is 27861 a multiple of 37?
True
Is 175289 a multiple of 5?
False
Does 14 divide 944146?
True
Is 7 a factor of 125525?
False
Is 58 a factor of 120640?
True
Is 227 a factor of 180011?
True
Does 24 divide 1167744?
True
Does 71 divide 2824736?
False
Does 1077 divide 2504025?
True
Is 12 a factor of 86389?
False
Does 26 divide 13208?
True
Does 155 divide 67735?
True
Does 46 divide 153272?
True
Does 235 divide 206051?
False
Is 10357906 a multiple of 34?
False
Is 2891127 a multiple of 172?
False
Is 338 a factor of 952695?
False
Is 3828540 a multiple of 30?
True
Does 6 divide 463611?
False
Does 266 divide 479569?
False
Is 1332195 a multiple of 111?
False
Is 205 a factor of 4417?
False
Is 10 a factor of 91100?
True
Does 13 divide 12793261?
True
Is 171501 a multiple of 33?
True
Is 3267920 a multiple of 10?
True
Is 36464 a multiple of 2?
True
Is 505 a factor of 908495?
True
Is 33 a factor of 208527?
True
Is 26 a factor of 6581750?
False
Does 18 divide 29205337?
False
Is 9 a factor of 1031274?
True
Does 192 divide 1187410?
False
Is 1448495 a multiple of 85?
False
Is 2612229 a multiple of 3?
True
Does 36 divide 967464?
True
Is 7285752 a multiple of 846?
True
Is 16 a factor of 1370974?
False
Is 20 a factor of 3644317?
False
Does 21 divide 783825?
True
Does 11 divide 154306?
False
Does 92 divide 1822796?
True
Does 725 divide 3481098?
False
Is 386799 a multiple of 20?
False
Does 661 divide 2653254?
True
Is 3480534 a multiple of 28?
False
Is 9479 a multiple of 60?
False
Is 1555 a factor of 4375782?
False
Is 347 a factor of 8075037?
True
Is 2632375 a multiple of 218?
False
Is 59694 a multiple of 41?
False
Does 254 divide 53086?
True
Is 14300 a multiple of 44?
True
Is 32 a factor of 1298304?
True
Is 1767269 a multiple of 17?
True
Is 12827185 a multiple of 665?
True
Does 730 divide 1241000?
True
Is 731382 a multiple of 145?
False
Is 189 a factor of 12312958?
False
Does 52 divide 103289?
False
Is 5462450 a multiple of 7?
True
Is 12 a factor of 28908?
True
Is 75 a factor of 366799?
False
Is 14 a factor of 17206688?
False
Does 5 divide 45740?
True
Is 12 a factor of 794904?
True
Does 6 divide 116847?
False
Does 27 divide 60345?
True
Is 787338 a multiple of 186?
True
Is 367083 a multiple of 10?
False
Does 3 divide 49263?
True
Is 8133945 a multiple of 15?
True
Is 33 a factor of 39291?
False
Does 19 divide 2004390?
False
Is 15 a factor of 15790839?
False
Is 11131648 a multiple of 536?
True
Does 195 divide 131866?
False
Is 36 a factor of 4995780?
False
Is 17254280 a multiple of 1555?
True
Is 143 a factor of 169289?
False
Does 286 divide 71895?
False
Is 589 a factor of 12271226?
True
Is 160230 a multiple of 294?
True
Does 16 divide 1620938?
False
Is 549 a factor of 1202310?
True
Is 51430 a multiple of 8?
False
Is 408478 a multiple of 14?
True
Is 3 a factor of 160065?
True
Is 4786917 a multiple of 613?
True
Is 31 a factor of 752246?
True
Is 22 a factor of 385110?
True
Is 342258 a multiple of 41?
False
Is 272744 a multiple of 8?
True
Does 24 divide 20021208?
True
Does 19 divide 7915?
False
Is 97337 a multiple of 109?
True
Is 135 a factor of 3152160?
False
Does 75 divide 719475?
True
Is 2604248 a multiple of 24?
False
Does 10 divide 2726195?
False
Does 446 divide 182860?
True
Does 91 divide 32600?
False
Is 10 a factor of 135460?
True
Does 13 divide 487422?
True
Does 14 divide 508200?
True
Is 125 a factor of 383500?
True
Is 5937130 a multiple of 786?
False
Is 66 a factor of 121197?
False
Is 310426 a multiple of 7?
False
Is 14 a factor of 398159?
False
Is 904168 a multiple of 157?
False
Is 73 a factor of 531042?
False
Is 381 a factor of 80520?
False
Is 85 a factor of 280925?
True
Is 342725 a multiple of 25?
True
Does 59 divide 59531?
True
Is 15 a factor of 2466885?
True
Does 18 divide 882006?
False
Is 121 a factor of 110096?
False
Is 7 a factor of 527394?
True
Is 33150 a multiple of 15?
True
Is 197 a factor of 548448?
True
Does 19 divide 12337433?
False
Does 7 divide 436578?
False
Does 5 divide 58035?
True
Is 388440 a multiple of 39?
True
Is 1406724 a multiple of 11?
True
Is 81 a factor of 1409643?
True
Does 39 divide 1068641?
False
Does 17 divide 171666?
True
Does 819 divide 176085?
True
Is 7060002 a multiple of 997?
False
Is 16 a factor of 161792?
True
Is 1011110 a multiple of 195?
False
Does 71 divide 184529?
True
Is 9 a factor of 15166071?
True
Does 3 divide 95388?
True
Is 1378 a factor of 704191?
False
Is 68 a factor of 15567186?
False
Does 1053 divide 7065630?
True
Is 69 a factor of 101096?
False
Is 24 a factor of 51956?
False
Is 465 a factor of 300390?
True
Is 49 a factor of 380877?
True
Is 304 even?
True
Is 1090994 a multiple of 8?
False
Is 81 a factor of 761562?
True
Is 17 a factor of 14869987?
False
Is 31 a factor of 20997?
False
Does 16 divide 47792?
True
Is 175 a factor of 7012534?
False
Is 18 a factor of 4155084?
True
Is 7 a factor of 6558?
False
Does 18 divide 3820338?
True
Does 568 divide 880955?
False
Does 28 divide 8653175?
False
Does 54 divide 333882?
True
Is 235 a factor of 276830?
True
Does 261 divide 172792?
False
Is 25 a factor of 22450?
True
Is 9 a factor of 23008?
False
Is 156691 a multiple of 15?
False
Does 91 divide 354191?
False
Is 5 a factor of 38693?
False
Does 670 divide 3786170?
True
Does 255 divide 124313?
False
Is 1337105 a multiple of 253?
True
Is 342 a factor of 1051161?
False
Does 88 divide 3811456?
True
Does 10 divide 1952590?
True
Is 243 a factor of 399543?
False
Is 215646 a multiple of 127?
True
Does 292 divide 3689608?
False
Is 19944 a multiple of 12?
True
Is 4348192 a multiple of 8?
True
Does 229 divide 2578272?
False
Is 82 a factor of 237964?
True
Does 5 divide 260401?
False
Is 17416 a multiple of 311?
True
Does 209 divide 369225?
False
Is 103 a factor of 42857?
False
Is 9582718 a multiple of 521?
False
Does 40 divide 3566200?
True
Is 5786258 a multiple of 130?
False
Is 76 a factor of 198175?
False
Is 40 a factor of 7660665?
False
Is 170 a factor of 107610?
True
Is 312 a factor of 132586?
False
Is 623371 a multiple of 240?
False
Does 4 divide 601025?
False
Is 657 a factor of 5897232?
True
Is 24840 a multiple of 552?
True
Is 273 a factor of 4031391?
True
Is 62100 a multiple of 54?
True
Is 886 a factor of 1724216?
False
Is 40002 a multiple of 71?
False
Does 8 divide 4221218?
False
Is 82 a factor of 923852?
False
Does 18 divide 204402?
False
Is 1118 a factor of 3115667?
False
Is 8502949 a multiple of 41?
True
Is 427584 a multiple of 131?
True
Is 6082614 a multiple of 363?
False
Is 59 a factor of 4631023?
False
Is 11657723 a multiple of 1111?
True
Is 67 a factor of 903247?
False
Is 254541 a multiple of 23?
True
Does 244 divide 10569282?
False
Does 43 divide 359050?
True
Is 1314669 a multiple of 408?
False
Is 164 a factor of 1346041?
False
Does 180 divide 263886?
False
Is 976 a factor of 5026367?
False
Is 16 a factor of 209932?
False
Is 3766434 a multiple of 53?
False
Does 176 divide 398992?
True
Is 4089306 a multiple of 39?
True
Does 57 divide 1427109?
True
Does 81 divide 137996?
False
Does 18 divide 31356?
True
Is 14 a factor of 307076?
True
Is 5 a factor of 76220?
True
Is 36 a factor of 169343?
False
Is 2538568 a multiple of 61?
False
Does 549 divide 329400?
True
Is 144776 a multiple of 103?
False
Does 508 divide 124366?
False
Is 4830881 even?
False
Does 31 divide 1043412?
False
Is 342 a factor of 7038755?
False
Does 5 divide 98280?
True
Is 13504177 a multiple of 108?
False
Is 2536791 a multiple of 60?
False
Is 65 a factor of 10803922?
False
Is 4 a factor of 732986?
False
Is 21248379 a multiple of 159?
False
Is 22 a factor of 231122?
False
Is 241 a factor of 155968?
False
Does 39 divide 22886923?
False
Is 360582 a multiple of 19?
True
Is 143346 a multiple of 38?
False
Is 61495 a multiple of 5?
True
Is 9 a factor of 84217?
False
Is 390 a factor of 32370?
True
Is 65 a factor of 1110713?
False
Is 74 a factor of 800212?
False
Is 8 a factor of 460779?
False
Is 64 a factor of 5605252?
False
Does 79 divide 6631260?
True
Is 1279016 a multiple of 116?
True
Is 5 a factor of 167811?
False
Is 511776 a multiple of 598?
False
Does 86 divi